s divided by 6329585?
2
What is the remainder when 12672275 is divided by 38?
35
Calculate the remainder when 3638354 is divided by 18.
14
What is the remainder when 70815771 is divided by 355858?
29
Calculate the remainder when 6948827 is divided by 860.
27
What is the remainder when 51941712 is divided by 5?
2
Calculate the remainder when 442208 is divided by 1965.
83
Calculate the remainder when 895571 is divided by 130.
1
Calculate the remainder when 47798463 is divided by 425.
413
What is the remainder when 135602649 is divided by 6457269?
0
What is the remainder when 1408458 is divided by 201206?
16
What is the remainder when 5191006 is divided by 16?
14
Calculate the remainder when 173919 is divided by 690.
39
Calculate the remainder when 1243061 is divided by 1130.
61
What is the remainder when 1184998 is divided by 1893?
1873
Calculate the remainder when 15826955 is divided by 45.
5
Calculate the remainder when 7631727 is divided by 19.
16
Calculate the remainder when 405900 is divided by 3625.
3525
Calculate the remainder when 70822 is divided by 35347.
128
Calculate the remainder when 23073707 is divided by 214.
13
Calculate the remainder when 2609617 is divided by 57.
43
Calculate the remainder when 5761330 is divided by 443176.
42
What is the remainder when 102014 is divided by 397?
382
Calculate the remainder when 4833165 is divided by 2989.
2941
Calculate the remainder when 4952611 is divided by 146.
145
Calculate the remainder when 189508696 is divided by 308.
300
What is the remainder when 2042464 is divided by 157109?
47
What is the remainder when 1566970 is divided by 995?
840
What is the remainder when 127291541 is divided by 3933?
3929
What is the remainder when 2512262 is divided by 1255822?
618
Calculate the remainder when 2540570 is divided by 483.
473
What is the remainder when 2865496 is divided by 579?
25
Calculate the remainder when 753860 is divided by 107521.
1213
What is the remainder when 2261902 is divided by 1348?
1306
What is the remainder when 83091387 is divided by 27?
21
What is the remainder when 245580 is divided by 1623?
507
What is the remainder when 3196112 is divided by 1597937?
238
What is the remainder when 2209171 is divided by 34518?
19
What is the remainder when 2550050358 is divided by 440?
438
Calculate the remainder when 12544 is divided by 12110.
434
Calculate the remainder when 24377 is divided by 12138.
101
Calculate the remainder when 5972645 is divided by 950.
945
What is the remainder when 31008944 is divided by 55?
54
Calculate the remainder when 6343361 is divided by 528.
497
What is the remainder when 49336 is divided by 12149?
740
Calculate the remainder when 24407584 is divided by 2120.
24
Calculate the remainder when 829517 is divided by 383.
322
Calculate the remainder when 6835744 is divided by 76.
0
Calculate the remainder when 44975278 is divided by 240.
238
Calculate the remainder when 55483 is divided by 55450.
33
Calculate the remainder when 113978 is divided by 9493.
62
Calculate the remainder when 67710 is divided by 65474.
2236
Calculate the remainder when 177141 is divided by 3482.
3041
Calculate the remainder when 1111134 is divided by 120.
54
Calculate the remainder when 10334628 is divided by 2926.
2922
What is the remainder when 590479 is divided by 244?
243
Calculate the remainder when 3296 is divided by 297.
29
Calculate the remainder when 4086148 is divided by 63.
31
Calculate the remainder when 61344 is divided by 1005.
39
Calculate the remainder when 13114606 is divided by 95727.
7
Calculate the remainder when 9454464 is divided by 96.
0
Calculate the remainder when 73412 is divided by 374.
108
Calculate the remainder when 25301 is divided by 653.
487
What is the remainder when 428946 is divided by 47659?
15
Calculate the remainder when 118794 is divided by 406.
242
Calculate the remainder when 190033 is divided by 63137.
622
Calculate the remainder when 18344 is divided by 5411.
2111
Calculate the remainder when 1820532 is divided by 606840.
12
What is the remainder when 3937635 is divided by 1311603?
2826
Calculate the remainder when 42472911 is divided by 93.
90
What is the remainder when 10440346 is divided by 5220166?
14
What is the remainder when 7275 is divided by 6998?
277
Calculate the remainder when 65149 is divided by 1212.
913
Calculate the remainder when 26232 is divided by 5108.
692
What is the remainder when 3269465 is divided by 210?
185
What is the remainder when 526766 is divided by 276?
158
What is the remainder when 37086620 is divided by 7?
4
What is the remainder when 617899 is divided by 15061?
398
What is the remainder when 4316248 is divided by 1113?
34
What is the remainder when 22309808 is divided by 3093?
3092
Calculate the remainder when 12093987 is divided by 63.
3
Calculate the remainder when 42110379 is divided by 38.
33
What is the remainder when 292392 is divided by 97450?
42
What is the remainder when 18349 is divided by 1507?
265
Calculate the remainder when 11052860 is divided by 576.
572
Calculate the remainder when 125224 is divided by 1413.
880
Calculate the remainder when 991968 is divided by 2391.
2094
What is the remainder when 13091665 is divided by 134?
133
Calculate the remainder when 1062907 is divided by 172.
119
What is the remainder when 353454 is divided by 129?
123
Calculate the remainder when 66391 is divided by 60311.
6080
Calculate the remainder when 151278 is divided by 4180.
798
Calculate the remainder when 22185010 is divided by 1386562.
18
Calculate the remainder when 5081447 is divided by 1401.
20
What is the remainder when 500522 is divided by 24818?
4162
What is the remainder when 6266987 is divided by 40432?
27
What is the remainder when 58650 is divided by 328?
266
Calculate the remainder when 317968 is divided by 158709.
550
What is the remainder when 40428093 is divided by 863?
858
What is the remainder when 1472227 is divided by 1472172?
55
Calculate the remainder when 75762399 is divided by 20.
19
What is the remainder when 515253 is divided by 46838?
35
Calculate the remainder when 5451107 is divided by 1816992.
131
Calculate the remainder when 18636021 is divided by 38.
23
What is the remainder when 8426538 is divided by 7105?
8
What is the remainder when 62777 is divided by 18?
11
Calculate the remainder when 628076 is divided by 9373.
85
Calculate the remainder when 126933470 is divided by 83.
76
What is the remainder when 214897 is divided by 106404?
2089
What is the remainder when 557383 is divided by 278677?
29
Calculate the remainder when 267742 is divided by 130671.
6400
What is the remainder when 4579366 is divided by 377?
324
What is the remainder when 356835 is divided by 71097?
1350
What is the remainder when 4011997 is divided by 668666?
1
Calculate the remainder when 250538 is divided by 2459.
2179
Calculate the remainder when 21381892 is divided by 431.
413
What is the remainder when 167363397 is divided by 120?
117
What is the remainder when 8540129 is divided by 15?
14
Calculate the remainder when 242892 is divided by 501.
408
What is the remainder when 2502988 is divided by 87?
85
What is the remainder when 8904895 is divided by 9?
7
What is the remainder when 118736075 is divided by 1014838?
29
What is the remainder when 7524634 is divided by 5050?
134
Calculate the remainder when 339602 is divided by 1259.
931
Calculate the remainder when 5803981 is divided by 1173.
1150
Calculate the remainder when 252779481 is divided by 37.
32
What is the remainder when 209178 is divided by 6736?
362
Calculate the remainder when 56138 is divided by 28051.
36
Calculate the remainder when 44632151 is divided by 3156.
3155
What is the remainder when 1907895 is divided by 95?
10
Calculate the remainder when 48571 is divided by 15329.
2584
What is the remainder when 9395971 is divided by 24?
19
What is the remainder when 4902411 is divided by 3?
0
Calculate the remainder when 2040214 is divided by 1010.
14
What is the remainder when 40667783 is divided by 114?
107
Calculate the remainder when 16535812 is divided by 16535808.
4
What is the remainder when 824868 is divided by 416?
356
Calculate the remainder when 130852 is divided by 5689.
5
What is the remainder when 33841 is divided by 2